hest common factor of 1102 and 89177494.
58
Calculate the highest common divisor of 17051 and 1577129.
59
What is the greatest common divisor of 27020 and 74992080?
3860
What is the greatest common divisor of 339696824 and 752?
376
What is the highest common divisor of 238 and 2000164138?
238
What is the greatest common factor of 4023018 and 3286?
106
What is the highest common divisor of 122799519 and 9?
9
What is the greatest common factor of 574626 and 1209?
39
What is the highest common factor of 60216 and 248?
8
Calculate the greatest common divisor of 1820 and 3969000.
140
Calculate the greatest common divisor of 952003 and 998166.
871
Calculate the greatest common divisor of 190943 and 3163853.
2417
What is the highest common factor of 809645 and 2825?
565
Calculate the greatest common divisor of 7584303 and 4695.
939
What is the highest common factor of 5824 and 528801?
91
Calculate the highest common divisor of 46195004 and 57.
19
Calculate the highest common factor of 608 and 96430928.
304
Calculate the greatest common divisor of 555256944 and 9072.
1296
What is the greatest common factor of 41910 and 1066890?
330
Calculate the highest common divisor of 179018 and 167846.
266
What is the greatest common factor of 3777 and 31425?
3
Calculate the greatest common factor of 4273295 and 910.
65
Calculate the greatest common factor of 137 and 291673.
137
What is the greatest common divisor of 47196126 and 36?
18
Calculate the greatest common divisor of 51640290 and 1818.
1818
Calculate the highest common divisor of 6 and 1909654.
2
What is the highest common factor of 148685 and 11266?
131
What is the greatest common divisor of 56 and 16379076?
28
Calculate the highest common factor of 46848 and 542412.
732
What is the highest common factor of 984 and 70366701?
123
What is the highest common divisor of 35 and 5780901770?
35
What is the greatest common factor of 4761742 and 40528?
298
Calculate the highest common divisor of 27 and 4829193.
27
What is the greatest common factor of 1167494770 and 130?
130
What is the greatest common factor of 23090487 and 42?
21
Calculate the highest common factor of 8610 and 4904830.
2870
Calculate the greatest common factor of 103 and 1580675904.
103
What is the greatest common factor of 2272708 and 20?
4
What is the greatest common divisor of 3315 and 3502367115?
3315
What is the highest common divisor of 1674343 and 99?
11
What is the highest common divisor of 218554406 and 490?
98
Calculate the highest common divisor of 12 and 23004921.
3
What is the greatest common divisor of 174 and 4531362?
6
What is the greatest common divisor of 136024 and 55492934?
4858
What is the highest common divisor of 99 and 582374100?
33
Calculate the greatest common divisor of 8351 and 1202351927.
8351
What is the highest common factor of 67300632 and 296?
296
Calculate the greatest common divisor of 1039278910 and 19.
19
What is the greatest common divisor of 22990 and 97284?
242
Calculate the highest common factor of 6 and 493586.
2
Calculate the greatest common divisor of 2925378 and 244940.
662
Calculate the highest common divisor of 1656704 and 282688.
448
What is the greatest common divisor of 331364 and 54604?
748
What is the highest common factor of 127329 and 8?
1
What is the greatest common divisor of 1383485 and 175?
5
What is the highest common divisor of 4362420 and 610?
10
What is the highest common factor of 5379128 and 1339844?
3292
Calculate the highest common factor of 58 and 167902083.
29
Calculate the highest common divisor of 827066 and 2.
2
What is the greatest common factor of 45740 and 67940?
20
Calculate the highest common divisor of 23805 and 12064995.
1035
Calculate the highest common factor of 969 and 6431899.
323
What is the highest common divisor of 1204 and 6992188?
28
Calculate the greatest common factor of 2861960 and 360.
40
What is the highest common factor of 132300 and 31986?
18
What is the greatest common factor of 1433975 and 7?
1
What is the highest common factor of 8019 and 2728?
11
Calculate the highest common factor of 918 and 13615674.
102
Calculate the greatest common divisor of 340 and 3673820.
20
Calculate the greatest common divisor of 12240 and 94945.
85
What is the greatest common factor of 60877098 and 63?
9
Calculate the greatest common divisor of 32522 and 461104.
322
What is the greatest common factor of 45 and 14133267?
9
What is the greatest common divisor of 4923 and 1828621?
547
What is the greatest common factor of 35580 and 24315?
15
Calculate the greatest common divisor of 37 and 67493328.
37
What is the highest common divisor of 63652345 and 3028?
757
Calculate the greatest common divisor of 54 and 12457215.
9
What is the highest common factor of 783 and 38851039?
29
What is the highest common divisor of 879424 and 4472?
104
What is the greatest common divisor of 271406 and 35114?
194
What is the highest common factor of 40 and 53026660?
20
What is the greatest common divisor of 854 and 13149262?
14
Calculate the greatest common divisor of 47 and 6964836.
47
Calculate the highest common factor of 18612 and 13668446.
1034
Calculate the greatest common factor of 46546 and 8928618.
2738
Calculate the greatest common divisor of 3859 and 2415053.
227
What is the greatest common factor of 613 and 2380784112?
613
What is the highest common divisor of 95198686 and 12?
2
What is the highest common divisor of 173 and 20936287?
173
Calculate the greatest common divisor of 2530 and 205931.
11
Calculate the highest common divisor of 64 and 165598688.
32
What is the highest common factor of 554587 and 1188?
11
What is the highest common factor of 42 and 94233643?
7
What is the highest common factor of 19780267 and 845?
169
Calculate the greatest common factor of 1821554 and 2898.
322
What is the highest common factor of 1388120 and 3280?
40
What is the highest common divisor of 1102430 and 765?
5
What is the greatest common divisor of 6 and 158199002?
2
What is the greatest common factor of 4646 and 13692974?
202
Calculate the highest common divisor of 1073041444 and 3028.
3028
What is the greatest common factor of 76945290 and 30?
30
Calculate the highest common divisor of 123127494 and 219.
219
Calculate the greatest common divisor of 4941550 and 10.
10
Calculate the greatest common factor of 38528510 and 5480.
1370
Calculate the greatest common divisor of 168 and 60457264.
56
Calculate the highest common factor of 21385 and 27265.
35
Calculate the greatest common factor of 1839954328 and 1208.
1208
Calculate the highest common divisor of 2780 and 1672420.
20
What is the highest common factor of 4 and 14104978?
2
What is the greatest common factor of 204 and 3478764468?
204
Calculate the highest common divisor of 7751894 and 6.
2
Calculate the highest common factor of 5664240 and 450.
90
Calculate the greatest common factor of 480370 and 450.
10
What is the greatest common divisor of 693015 and 19035?
705
What is the highest common factor of 19443544 and 21484?
524
What is the highest common divisor of 6438 and 307284?
174
What is the highest common factor of 14760720 and 1620?
180
Calculate the greatest common factor of 599640744 and 164.
164
What is the greatest common factor of 141955 and 21805?
445
Calculate the greatest common divisor of 155530 and 8652.
206
Calculate the greatest common divisor of 5822 and 3679996.
82
Calculate the greatest common divisor of 72740807 and 85.
17
Calculate the greatest common factor of 2932 and 442564876.
2932
Calculate the highest common divisor of 350 and 21550.
50
Calculate the greatest common divisor of 84180 and 5954820.
3660
What is the highest common factor of 52282214 and 4384?
274
Calculate the highest common factor of 175 and 62809390.
35
What is the highest common divisor of 2232 and 248054715?
279
Calculate the greatest common divisor of 7708911130 and 4910.
4910
What is the highest common divisor of 326707266 and 438?
438
What is the highest common factor of 28056205 and 3955?
565
Calculate the greatest common divisor of 227432 and 160.
8
What is the highest common factor of 363110 and 109065?
55
Calculate the greatest common factor of 171943236 and 24786.
2754
What is the highest common factor of 237740 and 86660?
20
C